4?
2, 11, 5303
List the prime factors of 6333393.
3, 11, 31, 41, 151
What are the prime factors of 15934627?
17, 937331
List the prime factors of 2517590.
2, 5, 271, 929
What are the prime factors of 515374?
2, 257687
What are the prime factors of 996435?
3, 5, 11, 61
What are the prime factors of 188426?
2, 7, 43, 313
What are the prime factors of 283659?
3, 23, 4111
What are the prime factors of 575138?
2, 23, 12503
What are the prime factors of 133323?
3, 19, 2339
What are the prime factors of 7618369?
11, 67, 10337
List the prime factors of 3211996.
2, 23, 34913
What are the prime factors of 335242?
2, 167621
List the prime factors of 3953327.
7, 564761
What are the prime factors of 4373395?
5, 13, 61, 1103
List the prime factors of 1526161.
7, 13, 31, 541
What are the prime factors of 1460712?
2, 3, 11, 503
What are the prime factors of 4072943?
7, 571, 1019
What are the prime factors of 192392?
2, 24049
List the prime factors of 655510.
2, 5, 65551
List the prime factors of 10219439.
727, 14057
List the prime factors of 5416504.
2, 29, 37, 631
List the prime factors of 25182164.
2, 7, 739, 1217
List the prime factors of 1111424.
2, 19, 457
What are the prime factors of 30534332?
2, 29, 263227
What are the prime factors of 42448?
2, 7, 379
What are the prime factors of 1074931?
11, 13, 7517
What are the prime factors of 125456?
2, 7841
What are the prime factors of 18505688?
2, 2313211
What are the prime factors of 1102856?
2, 31, 4447
What are the prime factors of 150924?
2, 3, 12577
List the prime factors of 327210.
2, 3, 5, 13, 839
What are the prime factors of 688387?
7, 43, 2287
List the prime factors of 11115435.
3, 5, 223, 3323
What are the prime factors of 888614?
2, 444307
What are the prime factors of 82928?
2, 71, 73
What are the prime factors of 569690?
2, 5, 11, 5179
What are the prime factors of 116228?
2, 7, 593
List the prime factors of 7134307.
7134307
List the prime factors of 8494574.
2, 11, 386117
What are the prime factors of 7578027?
3, 842003
List the prime factors of 1854873.
3, 68699
What are the prime factors of 832550?
2, 5, 16651
List the prime factors of 1123936.
2, 11, 31, 103
What are the prime factors of 333048?
2, 3, 13877
List the prime factors of 4185401.
11, 59, 6449
What are the prime factors of 571312?
2, 7, 5101
List the prime factors of 195909.
3, 7, 19, 491
What are the prime factors of 7458061?
13, 563, 1019
What are the prime factors of 900000?
2, 3, 5
List the prime factors of 569726.
2, 37, 7699
List the prime factors of 36334.
2, 37, 491
What are the prime factors of 240756?
2, 3, 20063
What are the prime factors of 202322?
2, 101161
List the prime factors of 8735335.
5, 7, 31, 83, 97
List the prime factors of 202206.
2, 3, 67, 503
List the prime factors of 13358821.
7, 17, 29, 79
What are the prime factors of 10096254?
2, 3, 7, 11447
What are the prime factors of 631300?
2, 5, 59, 107
List the prime factors of 243629.
29, 31, 271
List the prime factors of 2101818.
2, 3, 19, 103, 179
List the prime factors of 396183.
3, 41, 3221
What are the prime factors of 963033?
3, 17, 23, 821
What are the prime factors of 6434814?
2, 3, 67, 16007
What are the prime factors of 7647129?
3, 7, 13487
List the prime factors of 9757199.
9757199
List the prime factors of 4287739.
41, 104579
List the prime factors of 987615.
3, 5, 17, 1291
List the prime factors of 8996473.
23, 391151
What are the prime factors of 7868672?
2, 7, 4391
What are the prime factors of 347241?
3, 283, 409
List the prime factors of 35306.
2, 127, 139
List the prime factors of 4729514.
2, 41, 137, 421
List the prime factors of 2559970.
2, 5, 7, 36571
What are the prime factors of 212739?
3, 70913
List the prime factors of 17846844.
2, 3, 71, 20947
What are the prime factors of 308993?
193, 1601
List the prime factors of 1024833.
3, 251, 1361
What are the prime factors of 444933?
3, 1831
List the prime factors of 8317233.
3, 17, 54361
What are the prime factors of 1824408?
2, 3, 25339
List the prime factors of 11039211.
3, 53, 23143
What are the prime factors of 3666585?
3, 5, 13, 18803
What are the prime factors of 2731933?
2731933
What are the prime factors of 394692?
2, 3, 31, 1061
What are the prime factors of 2647725?
3, 5, 43, 821
What are the prime factors of 2840912?
2, 277, 641
What are the prime factors of 2354765?
5, 7, 19, 3541
What are the prime factors of 2608761?
3, 869587
List the prime factors of 15722885.
5, 41, 76697
List the prime factors of 440781.
3, 11, 19, 37
List the prime factors of 1575783.
3, 11, 1447
List the prime factors of 478167.
3, 159389
What are the prime factors of 2391972?
2, 3, 11, 18121
List the prime factors of 392884.
2, 98221
List the prime factors of 2038368.
2, 3, 17, 1249
What are the prime factors of 3466543?
3466543
List the prime factors of 135682.
2, 179, 379
What are the prime factors of 1278069?
3, 13, 32771
What are the prime factors of 49458?
2, 3, 8243
List the prime factors of 569848.
2, 19, 23, 163
List the prime factors of 235655.
5, 7, 6733
What are the prime factors of 1833598?
2, 13, 109, 647
List the prime factors of 509711.
17, 29983
What are the prime factors of 6275413?
809, 7757
List the prime factors of 507544.
2, 63443
List the prime factors of 5026140.
2, 3, 5, 7, 3989
What are the prime factors of 498714?
2, 3, 43, 1933
List the prime factors of 26571948.
2, 3, 13, 59, 2887
List the prime factors of 1377081.
3, 1889
List the prime factors of 1376548.
2, 37, 71, 131
What are the prime factors of 1044490?
2, 5, 149, 701
What are the prime factors of 514110?
2, 3, 5, 17137
List the prime factors of 26493876.
2, 3, 89, 8269
List the prime factors of 16723973.
7, 31, 77069
List the prime factors of 501326.
2, 7, 35809
What are the prime factors of 265926?
2, 3, 23, 41, 47
What are the prime factors of 18966747?
3, 17, 371897
What are the prime factors of 166205?
5, 13, 2557
List the prime factors of 1138703.
1138703
What are the prime factors of 9927262?
2, 61, 81371
List the prime factors of 298160.
2, 5, 3727
What are the prime factors of 1125605?
5, 13, 17317
What are the prime factors of 963940?
2, 5, 48197
What are the prime factors of 657234?
2, 3, 4057
List the prime factors of 97190.
2, 5, 9719
What are the prime factors of 997714?
2, 498857
List the prime factors of 672058.
2, 336029
List the prime factors of 373811.
37, 10103
What are the prime factors of 469749?
3, 7, 22369
What are the prime factors of 223487?
11, 1847
What are the prime factors of 7627532?
2, 11, 229, 757
List the prime factors of 220077.
3, 11, 13, 19
What are the prime factors of 134570?
2, 5, 13457
List the prime factors of 2830608.
2, 3, 11, 1787
List the prime factors of 648908.
2, 13, 12479
List the prime factors of 30244.
2, 7561
List the prime factors of 4087099.
647, 6317
What are the prime factors of 7197937?
7197937
List the prime factors of 9671939.
127, 76157
List the prime factors of 2187468.
2, 3, 60763
What are the prime factors of 1045455?
3, 5, 69697
List the prime factors of 3199250.
2, 5, 67, 191
List the prime factors of 25784426.
2, 23, 560531
What are the prime factors of 78555?
3, 5, 5237
List the prime factors of 658612.
2, 164653
What are the prime factors of 2149889?
7, 419, 733
List the prime factors of 11582565.
3, 5, 313, 2467
List the prime factors of 2400013.
7, 11, 71, 439
What are the prime factors of 17389254?
2, 3, 311, 9319
What are the prime factors of 27570?
2, 3, 5, 919
What are the prime factors of 259246?
2, 13, 59
List the prime factors of 13915994.
2, 6957997
List the prime factors of 8874750.
2, 3, 5, 11833
List the prime factors of 403603.
403603
List the prime factors of 3924754.
2, 19, 179, 577
What are the prime factors of 812350?
2, 5, 7, 11, 211
List the prime factors of 2788062.
2, 3, 139, 3343
List the prime factors of 7327173.
3, 7, 383, 911
List the prime factors of 42247164.
2, 3, 3520597
What are the prime factors of 281626?
2, 140813
What are the prime factors of 11548658?
2, 11, 524939
What are the prime factors of 13137366?
2, 3, 11, 31, 6421
List the prime factors of 113324.
2, 41, 691
What are the prime factors of 6584189?
29, 7829
What are the prime factors of 19808?
2, 619
What are the prime factors of 651424?
2, 20357
List the